*d**2 - 6*d. Let y(q) be the first derivative of a(q). Determine y(v).
4
Let o(i) = -3*i**2 - 2*i + 2. Let k be (-2)/(-5)*23 - 5/25. Let z be k/6*(-20)/(-15). Let s(d) = -2*d**3 + 4*d**2 - d. Let x be s(z). Give o(x).
-6
Let d(j) be the third derivative of j**5/60 + 13*j**4/24 + 4*j**3/3 + 540*j**2. Calculate d(-13).
8
Suppose 0 = 9*v - 6*v - 4*y + 1171, -3*y = -3*v - 1167. Let q = v - -384. Let m(j) = -12*j**3 + j. Determine m(q).
11
Let s(o) = -o + 4. Let w be -4*(-2)/8 + 2. Suppose b - 3 - 2 = -5*x, 0 = w*x. Let u(i) = -i + 3. Let m(j) = b*s(j) - 4*u(j). Determine m(0).
8
Let t = -355 - -412. Let r be 17/102 - t/(-36)*-2. Let z(k) = -4*k - 1. Calculate z(r).
11
Let n(x) be the first derivative of 3*x - 1/3*x**3 + 1/2*x**2 - 1/4*x**4 + 57. Suppose 4 - 1 = -d. Determine n(d).
18
Suppose -2*w = -5*w + 9. Let l(z) = z**3 - 5*z**2 - 3*z + 17. Let b be l(5). Let g(d) = -4 + 5 + d**b + 3 - 5 - 2*d. Calculate g(w).
2
Let n(q) = 4*q**2 + 78*q + 19. Let m(k) = 4*k**2 + 73*k + 18. Let u(b) = -5*m(b) + 4*n(b). Determine u(-13).
-1
Let c(u) = -u - 14. Suppose -2*o + 130 = -w, -5*w - 4*o - 112 = 482. Let j = -135 - w. Give c(j).
-1
Let v(z) = z**2 + z - 15. Let j = -334 + 582. Let b be j/20 - ((-12)/(-5) + -2). Let y be (51/b + -4)*0. What is v(y)?
-15
Let c(l) = -l**2 - 6*l + 16. Let r(t) = 150 - 6*t + 0*t - 5 - 24 + 99. Let y be r(38). Calculate c(y).
0
Let n be (-85 + 86)/(1/(-34)). Let k(y) = -2*y**2 - 66*y + 70. Give k(n).
2
Let q(o) = 13*o + 2*o**2 - 11 - 70*o**3 - 5*o**2 + 0*o**2 + 71*o**3. Let w be q(1). Let a(z) = z**3 + z. Give a(w).
0
Let z(p) = p**2 + 4*p - 6. Suppose i + m = 0, 0 = 6*m - 7*m - 3. Suppose -11 = -d + i*a - 2, -2*a = -2*d - 2. Calculate z(d).
6
Let i(z) = 8*z**3 - 9*z**2 + 9*z + 4. Let c(s) = -59*s**3 + 64*s**2 - 64*s - 29. Let k(u) = -3*c(u) - 22*i(u). Give k(-6).
35
Let z be (-9)/4 + (-207)/276. Let r(o) be the third derivative of -o**5/60 + o**4/24 + o**3/3 - o**2. Determine r(z).
-10
Suppose 0 = k - 0*k - 36. Suppose -d + 2*d = 2*v - k, 0 = -d - v - 33. Let u = -34 - d. Let x(n) = n - 19. What is x(u)?
-19
Let i(a) = -a**2 - 57*a + 55. Let s be i(-58). Let d(g) = -g + 4. Let y(r) = 2*r - 12. Suppose 0*u - 3*u = -33. Let k(w) = u*d(w) + 4*y(w). What is k(s)?
5
Let y(o) = 20*o + 135. Let t be 252/(-48)*52/39. Calculate y(t).
-5
Let c(l) be the third derivative of 3*l**4/8 + 4*l**3/3 - 88*l**2 - 38. Let x be (-1)/(-4) + 116/(-16). Calculate c(x).
-55
Let y = 6392 + -6389. Let t(q) = 7*q**2 + 5. Calculate t(y).
68
Let q(h) be the second derivative of 3*h**3/2 - 144*h**2 - 4935*h. Give q(31).
-9
Let p(r) = -r**2 - 3*r - 6. Let d(h) = 12 - 16 - 10*h + 113 + 3 + 64. Let s be d(18). Give p(s).
-10
Let w(s) = s**3 - 4*s**2 - 2. Let z be (-70)/(-20)*((-76)/(-14) - 2). Suppose 0 = z*v - 11*v - 4. Determine w(v).
-2
Let z be -3 - (35/(-2) + 15/(-30)). Let w(r) = r**2 - 14*r - 19. Calculate w(z).
-4
Let t(v) be the third derivative of -11*v**4/24 + 7*v**3/6 + 210*v**2 + 3. Give t(4).
-37
Let w(u) = 9*u - 6. Let x be (10 - (0 + 2))*(-626)/(-626). Calculate w(x).
66
Let r(m) = -m**2 + 7 + 13*m**2 + 0*m - 3*m - 2*m + 396*m**3 - 397*m**3. Calculate r(11).
73
Let n be (2/(-8))/((-1)/8). Let t(x) = x - 3*x**2 + 2*x**3 + 193 + 175 - 370. What is t(n)?
4
Let r(c) = 12*c + 46. Suppose -u + 223*l = 224*l + 2, 0 = 2*u - 5*l + 18. Give r(u).
-2
Let c(n) be the third derivative of 1/24*n**4 + 0*n + 0 - 33*n**2 + 0*n**5 - 1/24*n**6 + 0*n**3. Determine c(-1).
4
Let b = -14 - -19. Suppose -60*y + 65*y + b = 0. Let d = -1 + y. Let q(c) = 2*c + 1. Determine q(d).
-3
Let v = 7 + -4. Let l(k) = 9*k + 4*k**3 + 9*k**2 + 9 - 17*k**v + 7*k**3 + 7*k**3. Give l(-8).
1
Let f(x) = 501*x + 40. Let p(h) = -131*h + 2. Let q(r) = f(r) + 4*p(r). Determine q(9).
-159
Suppose 2*a = -2*a - 672. Let j be (1 - 10/6)/(16/a). Suppose 10*o = j*o + 12. Let x(f) = -f - 2. Determine x(o).
-6
Let v(g) = 2*g**3 - 2*g - 1. Let q(w) = 9*w**3 - 5*w**2 - 17*w + 2. Suppose 3*b + 193 = 190. Let d(u) = b*q(u) + 4*v(u). Give d(6).
12
Let v(f) = 13*f**3 + f**2 + 9*f + 14. Let a(t) = -29*t**3 - 3*t**2 - 23*t - 29. Let z(d) = -4*a(d) - 9*v(d). Give z(6).
-52
Let y(w) = -3*w - 8. Suppose -4 = -111*u + 110*u. Suppose j = -2*j + b - 14, -j = u*b - 4. Calculate y(j).
4
Let l(s) = -6*s + 127. Suppose 2*i = 14*d - 11*d - 48, 0 = 3*d + 3*i - 63. Determine l(d).
19
Let b(c) = 7*c - 11. Suppose 344*s + 354*s + 95 = 679*s. Calculate b(s).
-46
Let m(b) = 6*b**2 + 9*b + 2. Let p(d) be the second derivative of 3/2*d**3 + 3*d + 3/2*d**2 + 0 + 5/12*d**4. Let r(w) = 4*m(w) - 5*p(w). Give r(-8).
1
Let o = -4928 - -4924. Let r(w) = 2*w - 5. Determine r(o).
-13
Let p(c) be the first derivative of -1/3*c**3 - 70 - 7*c + 13/2*c**2. Calculate p(11).
15
Suppose -13*t = -19*t - 36. Let d be (-4 - t)/1 - (1 - 7). Let x(n) = n**2 - 8*n - 4. Determine x(d).
-4
Let d = -2122 + 2120. Let j(a) = -a**3 - 2*a**2 - a. Calculate j(d).
2
Let r(c) = -c - 5. Let j be (0 + 214/6)*-3. Let v = 115 + j. Suppose -2*p + 4*p = -v. Give r(p).
-1
Let v(t) = -8*t - 120. Suppose 0 = n - 3*f, -5*n - 15*f + 9*f = 105. Determine v(n).
0
Let i(t) = -t**2 + 5*t + 3. Let x be i(6). Let c be 10 - 12/3 - 3. Let l(b) = -2*b**2 - c*b**2 + 2*b - 4 + 4*b**2. Give l(x).
-19
Let d(v) = 2*v + 24. Suppose -30*z + 26*z = -360. Let o be 5/((-25)/2) - 954/z. Give d(o).
2
Let a(s) = s - 1. Let p = -2349 + 2332. Give a(p).
-18
Let u(f) = 3454*f**2 + 24*f - 25 + 7 - 3453*f**2 + 129. Determine u(-8).
-17
Let y(z) = -3430*z + 525. Let m(b) = 1205*b - 175. Let h(q) = -20*m(q) - 7*y(q). Determine h(-2).
5
Let h = 103 + -97. Let t(k) = k**2 - 3*k + 5*k + h*k - 5. Determine t(-7).
-12
Let f be 114/(-8) + ((-403)/52)/(-31). Let c(z) = -3*z**2 - 39*z + 23. Calculate c(f).
-19
Let r(a) be the second derivative of a**7/840 - a**6/45 + a**5/24 - 3*a**4/8 + 85*a**3/6 - 27*a + 1. Let s(t) be the second derivative of r(t). Determine s(8).
31
Suppose 3*v + 15 = -2*v. Let m be v/(-2) - 9/(-2). Let l(i) = i + 4*i + 7*i - i**3 + 5*i**2 - 5*i - 3 + 0*i**3. Determine l(m).
3
Let z be 273/234 - (-5)/(-30). Let r(m) = 86*m**3 - 2*m + 2. What is r(z)?
86
Let l(m) = -3*m**2 + 13*m + 101. Let g be l(-4). Let w(z) = -z**3 + 3*z**2. Let s(p) = p**3 + p**2 - p + 1. Let d(i) = 2*s(i) - w(i). Give d(g).
2
Let c(y) = -y**2 - 2*y - 4. Let k(f) = -f**2 - 3*f - 4. Let q(n) = -5*c(n) + 6*k(n). Let i be (13 + 0)/((-2)/(-10)). Let m = 58 - i. Calculate q(m).
3
Suppose -40 = -24*x + 22*x - 4*m, x + 6*m = 56. Let j(w) be the first derivative of -7*w**2/2 + 3*w - 1. Give j(x).
-11
Let o be (-19)/114 + 193/6 + 1. Let t(u) = 42 + u**3 + 12*u - 10*u**2 + o - 65. Calculate t(9).
37
Let x(j) = j**2 - 22*j + 111. Let d = 5492 + -5484. What is x(d)?
-1
Let x(j) be the second derivative of -j**4/12 + 7*j**3/6 - 4*j**2 + 11865*j. Let r(k) = -6*k - k**2 - 3 + 5 + 5. Let m be r(-6). What is x(m)?
-8
Suppose 0 = -90*h + 8*h + 233 - 1135. Let s(f) = 7 + f + 7 - 4. Calculate s(h).
-1
Suppose 1289 + 358 = 9*w. Let s = -182 + w. Let z(d) = d - 1 - 4*d**2 + 4*d**2 + 0 - 4*d**2. Determine z(s).
-4
Suppose 13*l = l + 624. Suppose 54 - l = -f. Let c(q) = q**3 + 1. Determine c(f).
-7
Let f(n) = 19*n**2 + 50*n - 8. Let x(i) = 73*i**2 + 192*i - 31. Let p(b) = 23*f(b) - 6*x(b). Let v be -1 - 1*(2 + 2). Determine p(v).
-13
Let n(o) be the third derivative of 0*o - 70*o**2 + 0 - 1/60*o**5 + 5/3*o**3 - 5/12*o**4. Determine n(-10).
10
Let n(a) = 4*a**3 + 205 - 206 + 3*a**3 - 4*a**3. Let m(b) = 7*b**3 + 7*b**2 + 3*b - 14. Let s(h) = m(h) - 2*n(h). Calculate s(-6).
6
Let t(l) = 14*l**3 + 3*l**2 - 2*l - 1. Let f be t(1). Let b(w) = 5*w - 27. Let a be b(f). Suppose 36 - a = -h. Let n(m) = m**3 - 8*m**2 + 7*m + 3. What is n(h)?
3
Let h(x) = -x**3 - 4*x**2 + 12*x + 23. Let u(g) = -g**3 - 5*g**2 + 12*g + 23. Let y(v) = -4*h(v) + 5*u(v). Let a = -1064732 + 1064722. What is y(a)?
3
Let y(a) = a**3 - 5*a**2 + 3*a + 5. Let b be 6 - (-83 - (2 + -1)). Let f = -85 + b. What is y(f)?
20
Let s(h) be the second derivative of -4*h**3/3 - 19*h**2/2 - 787*h. Determine s(-2).
-3
Let w(p) = 9*p - 84. Let c(x) = 4*x + 11. Let m(g) = c(g) + w(g). Determine m(6).
5
Let m be 160/20 + 2*3. Let u(j) = -m + 2 + 9 + j + j. Calculate u(8).
13
Suppose 0 = -12*y - 26 - 178. Let z(h) = h**3 + 16*h**2 - 17*h + 12. What is z(y)?
12
Let z be (-962)/910 - 32/(